119 - 14)?
-119
What is -39 + 78 - (2 - -33 - -88)?
-84
What is the value of 36 - 55 - (-8 - (15 + -34))?
-30
Evaluate -3 - -114 - (50 - (-115 - -180)).
126
Calculate 2 - (1 - 32) - (97 + -77) - 8.
5
Evaluate (76 - 123) + -52 - -59.
-40
(18 - (46 - (0 - -14))) + 24 + -26
-16
What is the value of (16 - (26 + (-66 - 5))) + 7?
68
What is -2 + 1 + -10 - (-174 - -173)?
-10
Calculate 7 + 1 + (0 - 4) + -9 - (2327 + -2330).
-2
2 - ((-6 - 1) + 30 + -13 + -43)
35
53 + (-7 - 21 - 10 - -17) - -1
33
-3 + -4 - (-57 + 0 - (11 + -5))
56
Calculate -62 - (35 - -65 - 105).
-57
Calculate (-34 + 41 - (0 + -74) - 13) + 9.
77
(-92 + 34 - -19) + 42
3
Calculate 57 - (-24 - (35 + 3 + -61)).
58
Evaluate 37 + (-206 - -204 - (-1 - -7)) + 20.
49
What is the value of (-79 - -72) + -21 + 0 + (-2 - -9)?
-21
What is the value of ((-19 - 7) + (4 - -2) - (-22 + 12)) + -32?
-42
What is -124 - (-131 + 122) - 1?
-116
What is (678 - 728) + (0 - -30)?
-20
What is the value of -29 - (-136 - -11 - -1)?
95
Calculate -26 + (44 - -1) + -8 - (40 - -2).
-31
(-25 - 60) + (143 - 115)
-57
What is the value of 4289 + -4375 + 11 + -2?
-77
Calculate 2 + 13 + -3 + -8 + -15 + 8.
-3
Calculate 5 + (-3 + (9 - 8) + 124 - 16) - -3.
114
3 - 10 - -12 - ((-11 + 13 - 2) + 16)
-11
What is the value of -20 + (3 + -1 - -17) - (5 - 4)?
-2
Evaluate -11 + (-6 - (2 + (8 - 21) + 14)).
-20
Evaluate 22 - -10 - 15 - 40 - (12 - (-2 + 3)).
-34
Evaluate (-23 - 0) + 3 + 7 - (-2 - -27).
-38
What is (-5 - (1 + -94 + -130 + 141)) + -22?
55
Calculate -32 - (21 - (0 - 2)) - -13.
-42
Calculate 26 + -18 + -11 + 14 - (1 + 38).
-28
What is the value of 7544 - 7570 - (59 + -1 + 2)?
-86
What is the value of 35 + -11 + -3 + -21 + 71?
71
Calculate 257 + -229 + -88 + 12.
-48
-74 + 71 + -24 + (-5 + 2 - 4)
-34
Calculate 2 - ((-36 - (3 - 9)) + -32 + (-23 - -43)).
44
What is 10 + (-47 + 43 - (-5 + 28)) + -1?
-18
Evaluate (-71 - (-14 - (-11 + -3))) + 9 + -20.
-82
What is the value of (-2500 + 2470 - (1 - 75)) + -146?
-102
Evaluate -80 + (-12 - (-50 - -18)).
-60
Calculate 0 + -30 - (1 - 2 - (28 + (42 - 66))).
-25
Calculate -779 - -880 - (-5 + 130).
-24
Evaluate (10 - -30) + (55 - 157).
-62
Evaluate -98 + 87 + 14 - (1 - -8) - (-41 + 1).
34
Evaluate 16 + -21 + -6 + 48 + -5.
32
Calculate 0 + (-24 - 30 - -61).
7
Calculate (13 - (-3 + -27 + 51 + -13)) + (-63 - -1).
-57
Evaluate -63 + 20 + -35 + 42 - -15.
-21
(16 - -30) + (-125 - -135 - (1 + 2))
53
What is the value of -8 - (6 + (-8 - 31 - -8) - -9)?
8
Evaluate 78 + (-13 - (39 + 38)) - (-120 + -1 + 1).
108
-12 - 81 - (-20 + -23 + 28 + 1)
-79
39 + -102 + 55 + 10
2
What is the value of -90 - (-188 - -84 - -33)?
-19
Calculate 10 + (-75 - (-7 - (-28 + 9))).
-77
What is 23 - (72 - 21 - 24)?
-4
What is the value of 74 + (-39 - -41) + -187?
-111
Calculate 15 - (5 + -2 + -1) - (-32 - -29 - -51).
-35
28 + -4 + (7 - 9) + 14 + -8 - -5
33
Calculate -41 + -23 + 1 - -119.
56
Calculate (22 - 1) + 16 + -16 + (28 - 23).
26
What is the value of 22 + 1 + 1415 + -1449?
-11
What is the value of -37 + (-157 - -160 - (7 + 0))?
-41
Calculate -29 + 8 + 18 + -50 + 5.
-48
Evaluate (6 + -5 + 1 - 8) + 1 + 33.
28
What is the value of (-2 + 10 - 0) + (52 - (16 - (8 + -31)))?
21
Evaluate (-32 - -13) + 53 + 30 - (-4 + -8).
76
Evaluate 10 + (19 - (26 + 14)) - -5.
-6
Evaluate 38 - (-3 - ((-10 - (4 + -19)) + (8 - 3))).
51
What is 120 + -103 + -40 + -1 + -8?
-32
What is 10 + -59 + (-6 - (6 + -7 - 18))?
-36
What is (21 - (-28 - (-37 - 35))) + 69?
46
Calculate (-96 - -37) + 94 + (-3 - 112).
-80
-21 - (14 + (11 - 24) + -21)
-1
What is the value of (317 - 336) + (5 - -42 - -3) + -5?
26
What is the value of -2 + 57 + 9 + (51 - 19 - 49)?
47
8 - (-11 - (-34 + 58) - -13)
30
Calculate -38 - (2 - (89 - -92)).
141
Calculate -1 + 11 + 2 + (-17 - -73 - (-14 - -71)).
11
What is -10 - (-1 + -1 + -2) - (13 + (-12 - 5))?
-2
What is -15 + 110 + -66 - 49?
-20
Calculate 21 + (-16 + -3 + 6 + 11 - 2).
17
What is 1 - (30 + 10 + -15 - -12)?
-36
What is 92 + (620 + -648 - (0 + -51))?
115
6 - 27 - -11 - -22
12
What is (4 - -33) + -135 + 110 - -56?
68
What is 125 + -27 + (0 - (2 + -10)) + 16?
122
What is (-64 + 108 - 81) + -23?
-60
14 + (28 - (55 - 33)) - (-9 - 2)
31
Evaluate -11 - -6 - (659 - 621).
-43
Calculate 0 + 36 - (1 - 0) - ((231 - 245) + 26).
23
Evaluate 19 + 0 + -10 - ((1 - -15) + 1).
-8
(-12 - (60 + -64 + 0 + -88)) + (4 - 13)
71
31 + 13 + -23 + -15 - (2 + 35)
-31
-3 - 2 - -2 - (-109 + (-20 - -6) + 19)
101
What is the value of 12 - ((39 - -49) + -53 - (1 + 5))?
-17
What is (3 - 7 - (-68 - 3)) + (1435 - 1448)?
54
What is the value of 24 + -17 - (74 + -51)?
-16
What is 136 + -71 + 217 + -271?
11
What is -1 + -3 + 30 + 5 - ((-125 - -113) + 13)?
30
What is the value of (14 - 14) + (-1 - -18) + -3?
14
What is -3 + -13 - -5 - (12 - 13 - -17)?
-27
Calculate -1 - 53 - (-17 + (16 - (22 + -13))).
-44
What is the value of 1 + 104 + 134 + -185?
54
What is the value of 32 + -14 + 16 - -26 - (-17 - (-6 - -4))?
75
Evaluate 29 + 4 - (82 - 92) - -28.
71
What is the value of 136 - (99 + 132) - (-3 - 1 - -26)?
-117
Evaluate (197 - 200) + (0 - -14) - (1 - -21).
-11
What is -196 - -143 - (17 - 64)?
-6
7 + (-6 - (-7 - -30) - (0 + 1))
-23
Evaluate (12 - (6 + -6)) + (-75 - -18 - -11).
-34
What is the value of 8 + (-22 - (6 + 1 + -12)) + -5 + 13?
-1
What is 11 - (-12 - ((-13 - -5) + 1 + -12 + 11))?
15
Evaluate -6 + 0 - (252 - (-220 - -405)).
-73
Evaluate -250 + 304 - (-3 - 3 - (1 - 12)).
49
6 - 16 - (-43 - (-11 - -1))
23
Calculate 45 + -26 + -49 + 39.
9
Evaluate (-6 - -19) + -8 - (111 - 98 - (-87 + 2)).
-93
Calculate ((2 + -3 - 3) + 11 - -6) + (-60 - -119).
72
What is the value of (-43 + 47 - 45) + 9?
-32
Calculate 42 + (-6 - -12) - 68.
-20
What is the value of 4 + (5 - (9 - 2)) - (6 + (-12 - 2))?
10
-14 - -2 - ((46 - 58) + 44) - 4
-48
What is 14 + -13 + (10 - 8 - 11) + (10 - 1)?
1
What is the value of -7 - (-25 + 13) - (-15 - (-10 - -20) - -7)?
23
Calculate -121 + (77 - -33) + -48.
-59
Evaluate -4 + -32 + 36 + 14.
14
Evaluate (154 + -110 - 71) + -1 + 65.
37
20 + -22 + (-22 - -22) - -2
0
Calculate 7 + 8 + -30 + 23 + -31.
-23
Evaluate 34 + (-64 - -63) + -8.
25
Evaluate (-9 + -14 + 2 - -17) + 4 + -2.
-2
Calculate -9 - ((-10 + 9 + -3 - -10) + -7).
-8
Calculate -1 + 8 + -3 + 0 + -15 - (-862 - -941).
-90
13 + 12 + -13 + -3 + 45 - (3 - 1)
52
What is 40 - (74 - 32 - 33) - 137?
-106
Calculate -294 + 383 + (-1 - 1 - -10).
97
What is 66 - (483 + -478 - (-1 - 2 - 0 - -2))?
60
What is (66 - (24 - (22 - -30 - 26))) + 13?
81
What is (25 - (21 - -3)) + (9 - 0) - (42 - 8)?
-24
89 - (5 + -11) - -4
99
Evaluate (-14 - -3) + (21 - 12) - (31 - (0 + -1)).
-34
-99 - -103 - (-27 - (-2 + 7 + -5))
31
What is -17 + 77 + (-13 - -33 - 16)?
64
Calculate (-11 - -23 - 13 - 90) + -16 + (2 - -5).
-100
Calculate 12 + (11 + -1 - (-8 + -15 - 21)) + 2.
68
Evaluate (-105 - -1) + (2350 - 2207).
39
Calculate (83 - (47 - -11)) + 11.
36
What is 6 + (0 - 2) - (4005 + -3976)?
-25
Evaluate -34 - ((1 - (-4 - -3)) + 169 + -161).
-44
Evaluate 859 - 860 - (-54 + -1).
54
Calculate -119 - -2 - (89 - 162).
-44
Calculate 3 - ((129 - 58) + -53 + (0 - 14)).
-1
Calculate (-6 - -34 - 13) + -17 + -4 - (-2 - 5).
1
(-11 - -2) + -37 + (27 - (-34 + 87))
-72
What is -1 - (4 - (-8 + 13)) - (-12 + 34 - 8)?
-14
Evaluate 9 - 9 - (16 + -4 - (44 - 0)).
32
Calculate -1 - -14 - (12327 - 12347).
33
-209 + 135 + (-6 - -42)
-38
Calculate -1 + 40 - (84 - (-31 + 125)).
49
Evaluate 26 - ((-1 - -18) + (-83 - -47 - -27)).
18
Calculate -36 - -49 - ((-10 - 0 - -8) + 34).
-19
-3 - 13 - 9 - -11 - (-43 + 3)
26
-13 - ((-236 - -96) + 66)
61
Evaluate -2 + 27 + -39 - (-41 + 0).
27
What is the value of (4 - 53) + -61 - -65?
-45
What is (-12 - 42) + (-138 - -89)?
-103
Evaluate 2 - (-3 + 35 + 44).
-74
What is 89 - ((45 - 26) + 14 + -1 + -22)?
79
8 + -10 + (-11 - (22 - 8))
-27
Calculate -12 + 19 + 14 + 0 + -28.
-7
Evaluate -20 - (32 - 1) - -33.
-18
Evaluate 1 + 8 - (-77 - 3 - -64).
25
What is the value of (46 - (49 - 32)) + -58 - 3?
-32
Calculate 1002 - 1068 - (1 - 69).
2
Calculate -8 - (20 - -12) - 0.
-40
Calculate -3 - (12 - 90 - -23) - (13 + -1).
40
What is the value of -72 - (-3 + -537 + 540 + (-9 - (-1 - -2)))?
-62
What is -93 + 47 - (-16 - (-8 - -4))?
-34
Calculate 73 - (73 - (-8 + 65)).
57
Calculate -4 + -1 - ((-16 - (-18 + (17 - 9))) + -4).
5
-19 + 20 +